{"id":104,"date":"2026-03-05T12:49:54","date_gmt":"2026-03-05T11:49:54","guid":{"rendered":"http:\/\/test.association-serenite.fr\/?page_id=104"},"modified":"2026-03-09T16:19:29","modified_gmt":"2026-03-09T15:19:29","slug":"les-liens","status":"publish","type":"page","link":"https:\/\/www.association-serenite.fr\/?page_id=104","title":{"rendered":"Les liens"},"content":{"rendered":"\n<p class=\"has-text-align-center has-accent-primary-color has-text-color has-link-color wp-elements-76110c5043a9854c491aa7367587052a\"><strong>Toutes nos rencontres ne sont pas le fruit du hasard&#8230;.<\/strong><\/p>\n\n\n\n<p class=\"has-text-align-center has-accent-primary-color has-text-color has-link-color wp-elements-addd5922fbb2efeaf105acae4936cbee\"><strong>Partageons les bonnes adresses avec les m\u00eames vibrations!<\/strong><\/p>\n\n\n\n<p><\/p>\n\n\n\n<figure class=\"wp-block-image aligncenter size-full\"><img loading=\"lazy\" decoding=\"async\" width=\"120\" height=\"120\" data-attachment-id=\"105\" data-permalink=\"https:\/\/www.association-serenite.fr\/?attachment_id=105\" data-orig-file=\"https:\/\/www.association-serenite.fr\/wp-content\/uploads\/2026\/03\/img-20191222-wa0000.jpg\" data-orig-size=\"120,120\" data-comments-opened=\"1\" data-image-meta=\"{&quot;aperture&quot;:&quot;0&quot;,&quot;credit&quot;:&quot;&quot;,&quot;camera&quot;:&quot;&quot;,&quot;caption&quot;:&quot;&quot;,&quot;created_timestamp&quot;:&quot;0&quot;,&quot;copyright&quot;:&quot;&quot;,&quot;focal_length&quot;:&quot;0&quot;,&quot;iso&quot;:&quot;0&quot;,&quot;shutter_speed&quot;:&quot;0&quot;,&quot;title&quot;:&quot;&quot;,&quot;orientation&quot;:&quot;0&quot;}\" data-image-title=\"img-20191222-wa0000\" data-image-description=\"\" data-image-caption=\"\" data-medium-file=\"https:\/\/www.association-serenite.fr\/wp-content\/uploads\/2026\/03\/img-20191222-wa0000.jpg\" data-large-file=\"https:\/\/www.association-serenite.fr\/wp-content\/uploads\/2026\/03\/img-20191222-wa0000.jpg\" src=\"https:\/\/www.association-serenite.fr\/wp-content\/uploads\/2026\/03\/img-20191222-wa0000.jpg\" alt=\"\" class=\"wp-image-105\" srcset=\"https:\/\/www.association-serenite.fr\/wp-content\/uploads\/2026\/03\/img-20191222-wa0000.jpg 120w, https:\/\/www.association-serenite.fr\/wp-content\/uploads\/2026\/03\/img-20191222-wa0000-50x50.jpg 50w\" sizes=\"auto, (max-width: 120px) 100vw, 120px\" \/><\/figure>\n\n\n\n<p><\/p>\n\n\n\n<p class=\"has-text-align-center has-luminous-vivid-amber-color has-text-color has-link-color wp-elements-3c5c8eae288b786305e2f468fedae627\"><strong>Association Eveil et Lumi\u00e8re \u00e0 Villeneuve Loubet village,<\/strong><\/p>\n\n\n\n<p class=\"has-text-align-center has-luminous-vivid-amber-color has-text-color has-link-color wp-elements-e1db8f1c21065b194de64ef4849f03b4\"><strong>des conf\u00e9rences tous les mardis soir, location de salle, yoga tous les soirs.<\/strong><\/p>\n\n\n\n<p class=\"has-text-align-center has-luminous-vivid-amber-color has-text-color has-link-color wp-elements-e3ad30900d7428be167ab6bd65d3ecd3\"><strong><a href=\"http:\/\/eveiletlumiere.e-monsite.com\/\">http:\/\/eveiletlumiere.e-monsite.com\/<\/a><\/strong><\/p>\n\n\n\n<p><\/p>\n\n\n\n<p class=\"has-text-align-center\">&lt; &gt;<\/p>\n\n\n\n<p><\/p>\n\n\n\n<p class=\"has-text-align-center has-vivid-red-color has-text-color has-link-color wp-elements-b28e3257bf284619d6a36a3438dbec48\"><strong>Le site internet et &nbsp;youtube de notre marraine Louisa MERCIER<\/strong><\/p>\n\n\n\n<p class=\"has-text-align-center has-vivid-red-color has-text-color has-link-color wp-elements-88acd0725bea5428981574b46a54649a\"><strong><a href=\"http:\/\/quintessencedelame06.e-monsite.com\/pages\/presentation.html\">http:\/\/quintessencedelame06.e-monsite.com\/pages\/presentation.html<\/a><\/strong><\/p>\n\n\n\n<p class=\"has-text-align-center has-vivid-red-color has-text-color has-link-color wp-elements-924580f119c923b99f4e86a3ed8542cc\"><a href=\"https:\/\/www.youtube.com\/watch?v=paR0TybCfQI\"><strong>https:\/\/www.youtube.com\/watch?v=paR0TybCfQI<\/strong><\/a><\/p>\n\n\n\n<div style=\"height:386px\" aria-hidden=\"true\" class=\"wp-block-spacer\"><\/div>\n","protected":false},"excerpt":{"rendered":"<p>Toutes nos rencontres ne sont pas le fruit du hasard&#8230;. Partageons les bonnes adresses avec les m\u00eames vibrations! Association Eveil et Lumi\u00e8re \u00e0 Villeneuve Loubet village, des conf\u00e9rences tous les mardis soir, location de salle, yoga tous les soirs. http:\/\/eveiletlumiere.e-monsite.com\/ &lt; &gt; Le site internet et &nbsp;youtube de notre marraine Louisa MERCIER http:\/\/quintessencedelame06.e-monsite.com\/pages\/presentation.html https:\/\/www.youtube.com\/watch?v=paR0TybCfQI<\/p>\n","protected":false},"author":1,"featured_media":0,"parent":0,"menu_order":0,"comment_status":"closed","ping_status":"closed","template":"template-featured-img","meta":{"footnotes":""},"class_list":["post-104","page","type-page","status-publish","hentry"],"jetpack_sharing_enabled":true,"_links":{"self":[{"href":"https:\/\/www.association-serenite.fr\/index.php?rest_route=\/wp\/v2\/pages\/104","targetHints":{"allow":["GET"]}}],"collection":[{"href":"https:\/\/www.association-serenite.fr\/index.php?rest_route=\/wp\/v2\/pages"}],"about":[{"href":"https:\/\/www.association-serenite.fr\/index.php?rest_route=\/wp\/v2\/types\/page"}],"author":[{"embeddable":true,"href":"https:\/\/www.association-serenite.fr\/index.php?rest_route=\/wp\/v2\/users\/1"}],"replies":[{"embeddable":true,"href":"https:\/\/www.association-serenite.fr\/index.php?rest_route=%2Fwp%2Fv2%2Fcomments&post=104"}],"version-history":[{"count":3,"href":"https:\/\/www.association-serenite.fr\/index.php?rest_route=\/wp\/v2\/pages\/104\/revisions"}],"predecessor-version":[{"id":155,"href":"https:\/\/www.association-serenite.fr\/index.php?rest_route=\/wp\/v2\/pages\/104\/revisions\/155"}],"wp:attachment":[{"href":"https:\/\/www.association-serenite.fr\/index.php?rest_route=%2Fwp%2Fv2%2Fmedia&parent=104"}],"curies":[{"name":"wp","href":"https:\/\/api.w.org\/{rel}","templated":true}]}}