{"id":112,"date":"2026-03-05T13:26:33","date_gmt":"2026-03-05T12:26:33","guid":{"rendered":"http:\/\/test.association-serenite.fr\/?page_id=112"},"modified":"2026-03-05T18:52:44","modified_gmt":"2026-03-05T17:52:44","slug":"articles","status":"publish","type":"page","link":"https:\/\/www.association-serenite.fr\/?page_id=112","title":{"rendered":"Articles"},"content":{"rendered":"\n<figure class=\"wp-block-image aligncenter size-full\"><img loading=\"lazy\" decoding=\"async\" width=\"120\" height=\"120\" data-attachment-id=\"113\" data-permalink=\"https:\/\/www.association-serenite.fr\/?attachment_id=113\" data-orig-file=\"https:\/\/www.association-serenite.fr\/wp-content\/uploads\/2026\/03\/img-20191220-wa0001-1.jpg\" data-orig-size=\"120,120\" data-comments-opened=\"1\" data-image-meta=\"{&quot;aperture&quot;:&quot;0&quot;,&quot;credit&quot;:&quot;&quot;,&quot;camera&quot;:&quot;&quot;,&quot;caption&quot;:&quot;&quot;,&quot;created_timestamp&quot;:&quot;0&quot;,&quot;copyright&quot;:&quot;&quot;,&quot;focal_length&quot;:&quot;0&quot;,&quot;iso&quot;:&quot;0&quot;,&quot;shutter_speed&quot;:&quot;0&quot;,&quot;title&quot;:&quot;&quot;,&quot;orientation&quot;:&quot;0&quot;}\" data-image-title=\"img-20191220-wa0001-1\" data-image-description=\"\" data-image-caption=\"\" data-medium-file=\"https:\/\/www.association-serenite.fr\/wp-content\/uploads\/2026\/03\/img-20191220-wa0001-1.jpg\" data-large-file=\"https:\/\/www.association-serenite.fr\/wp-content\/uploads\/2026\/03\/img-20191220-wa0001-1.jpg\" src=\"https:\/\/www.association-serenite.fr\/wp-content\/uploads\/2026\/03\/img-20191220-wa0001-1.jpg\" alt=\"\" class=\"wp-image-113\" srcset=\"https:\/\/www.association-serenite.fr\/wp-content\/uploads\/2026\/03\/img-20191220-wa0001-1.jpg 120w, https:\/\/www.association-serenite.fr\/wp-content\/uploads\/2026\/03\/img-20191220-wa0001-1-50x50.jpg 50w\" sizes=\"auto, (max-width: 120px) 100vw, 120px\" \/><\/figure>\n\n\n\n<p class=\"has-text-align-center has-vivid-red-color has-text-color has-link-color wp-elements-732efad354e9e217347eb1f81777913c\"><em><strong>T\u00e9moignage d&rsquo;une EMI&nbsp; (\u00e9tat de mort imminente)<\/strong><\/em><\/p>\n\n\n\n<p><\/p>\n\n\n\n<p class=\"has-text-align-center\"><strong>\u00ab En pleine nuit, avec 41,5\u2009\u00b0 de fi\u00e8vre, je descendais calmement, sans peur \u2013&nbsp;je me revois encore&nbsp;!&nbsp;\u2013 dans un tunnel sombre o\u00f9 je n\u2019avais nulle crainte, attir\u00e9e par une clart\u00e9 inconnue\u2026 Par deux fois, je suis arriv\u00e9e au bout de ce tunnel, au bord de l\u2019Au-del\u00e0. J\u2019ai vu des arbres magnifiques, une exub\u00e9rance de fleurs aux teintes \u00e9clatantes, une intense lumi\u00e8re douce, un jardin merveilleux. Un oc\u00e9an de beaut\u00e9&nbsp;! J\u2019\u00e9tais subjugu\u00e9e par l\u2019immense clart\u00e9 que je voyais au-del\u00e0 des arbres, l\u2019extraordinaire atmosph\u00e8re de paix. J\u2019ai aper\u00e7u une construction blanche sur une montagne, \u00e0 ma droite, un b\u00e2timent religieux, m\u2019a-t-il sembl\u00e9\u2026 Je voulais avancer plus avant\u2026 Cependant une force douce mais irr\u00e9sistible m\u2019a, par deux fois, fait reculer et, \u00e0 regret, je suis \u201cremont\u00e9e\u201d vers mon corps sur lequel devaient s\u2019activer les soignants&nbsp;! J\u2019\u00e9tais d\u00e9\u00e7ue de ne pouvoir aller plus avant. C\u2019\u00e9tait si beau&nbsp;! \u00bb<\/strong><\/p>\n\n\n\n<p class=\"has-text-align-center\"><strong>Madeleine Litoux avait alors 30&nbsp;ans quand, lors d\u2019une intervention chirurgicale o\u00f9 elle se voit mourir, elle vit cette exp\u00e9rience de mort imminente. Elle le racontera des ann\u00e9es plus tard au Dr Patrick Theillier. Ce t\u00e9moignage est l\u2019un des sept publi\u00e9s dans son ouvrage, pr\u00e9fac\u00e9 par Andr\u00e9 L\u00e9onard, archev\u00eaque \u00e9m\u00e9rite de Malines-Bruxelles.&nbsp;\u00ab&nbsp;Il s\u2019agit de faits r\u00e9els existants qui m\u2019ont \u00e9t\u00e9 confi\u00e9s,&nbsp;pr\u00e9vient l\u2019auteur,&nbsp;les EMI ont toujours exist\u00e9, dans toutes les cultures. La Bible et de grands mystiques y font r\u00e9f\u00e9rence. Le tableau de J\u00e9r\u00f4me Bosch (voir tableau ci-contre) laisse penser que ce dernier a pu vivre une telle exp\u00e9rience. Ce sont, selon moi, des signes de notre temps qui peuvent nous ouvrir \u00e0 la vie int\u00e9rieure. En parler est utile pour notre destin\u00e9e&nbsp;\u00bb,&nbsp;explique-t-il avant d\u2019entrer dans le vif du sujet.<\/strong><\/p>\n\n\n\n<p><\/p>\n\n\n\n<p class=\"has-text-align-center\"><strong>Un ph\u00e9nom\u00e8ne tr\u00e8s myst\u00e9rieux<\/strong><\/p>\n\n\n\n<p><\/p>\n\n\n\n<p class=\"has-text-align-center\"><strong>Ces ph\u00e9nom\u00e8nes se sont intensifi\u00e9s gr\u00e2ce aux progr\u00e8s de r\u00e9animation m\u00e9dicale. Et des personnes ayant v\u00e9cu une exp\u00e9rience \u00e0 la fronti\u00e8re de la mort \u2013&nbsp;appel\u00e9s \u00ab&nbsp;exp\u00e9rienceurs&nbsp;\u00bb&nbsp;\u2013 qui de peur d\u2019\u00eatre incompris ou pris pour des fous se taisaient, osent aujourd\u2019hui en t\u00e9moigner. Dans les faits, les EMI surviennent chez des croyants de toute confession et des non-croyants&nbsp;; malgr\u00e9 diverses tentatives de chercheurs, nul ne sait les d\u00e9clencher.<\/strong><\/p>\n\n\n\n<p class=\"has-text-align-center\"><strong>\u00ab Elles n\u2019ont pas \u00e9t\u00e9 voulues et sont v\u00e9cues g\u00e9n\u00e9ralement lors d\u2019un accident ou d\u2019une intervention chirurgicale qui tourne mal.&nbsp;\u00bb&nbsp;Elles se produisent en cas de mort clinique apparente ou de coma avanc\u00e9. Mais ne sont pas syst\u00e9matiques. Dans son second tome consacr\u00e9 \u00e0 ces ph\u00e9nom\u00e8nes, Patrick Theillier les qualifie d\u2019exp\u00e9rience de&nbsp;\u00ab&nbsp;vie imminente&nbsp;\u00bb&nbsp;\u2013&nbsp;une expression reprise par Fabienne Raoul, ancienne ing\u00e9nieure nucl\u00e9aire et auteure de&nbsp;Mon bref passage dans l\u2019autre monde,&nbsp;\u00e9dition Leduc.s.<\/strong><\/p>\n\n\n\n<p class=\"has-text-align-center\"><strong>Pour ce m\u00e9decin croyant mais \u00e9galement pour Fabienne Raoul, il ne fait aucun doute que les EMI sont la preuve de l\u2019existence d\u2019une vie dans l\u2019au-del\u00e0, e cette vie invisible appara\u00eet plus r\u00e9elle et plus belle que la vie terrestre. Mais cette conviction, partag\u00e9e par certains chercheurs, rencontre encore de nombreuses r\u00e9sistances.<\/strong><\/p>\n\n\n\n<p class=\"has-text-align-center\"><strong>\u00ab&nbsp;Sur le plan scientifique, on ne peut contester qu\u2019il se passe quelque chose d\u2019absolument anormal. Si la d\u00e9monstration \u00e9tait faite, cela remettrait en cause un des paradigmes les plus fondamentaux de notre science biologique actuelle qui consid\u00e8re que la conscience est s\u00e9cr\u00e9t\u00e9e par le cerveau&nbsp;\u00bb,&nbsp;explique Patrick Thellier. Or comment expliquer que la conscience, alors qu\u2019elle s\u2019est d\u00e9tach\u00e9e du corps durant une EMI, soit toujours active quand le cerveau ne fonctionne plus&nbsp;? Comment un individu est-il capable de d\u00e9crire tr\u00e8s pr\u00e9cis\u00e9ment les situations v\u00e9cues, les rencontres faites avec un \u00eatre bienveillant, les paroles re\u00e7ues pendant une p\u00e9riode de mort clinique avec un enc\u00e9phalogramme plat&nbsp;?<\/strong><\/p>\n\n\n\n<p class=\"has-text-align-center\"><strong>Quant \u00e0 notre \u00e2me, qui fait un avec notre corps et s\u2019en s\u00e9pare \u00adlorsqu\u2019a lieu une EMI, elle serait notre force vitale&nbsp;: \u00ab&nbsp;Un corps sans \u00e2me devient un cadavre. Elle a cette force spirituelle qui nous vient d\u2019en haut, qu\u2019on peut aussi appeler esprit. Elle est immuable, alors que le corps se transforme de jour en jour. Une fois ressuscit\u00e9e, notre \u00e2me continuera \u00e0 porter notre corps en elle, qui ne sera plus notre corps actuel mais un corps compl\u00e8tement spirituel qui restera notre corps.&nbsp;\u00bb<\/strong><\/p>\n","protected":false},"excerpt":{"rendered":"<p>T\u00e9moignage d&rsquo;une EMI&nbsp; (\u00e9tat de mort imminente) \u00ab En pleine nuit, avec 41,5\u2009\u00b0 de fi\u00e8vre, je descendais calmement, sans peur \u2013&nbsp;je me revois encore&nbsp;!&nbsp;\u2013 dans un tunnel sombre o\u00f9 je n\u2019avais nulle crainte, attir\u00e9e par une clart\u00e9 inconnue\u2026 Par deux fois, je suis arriv\u00e9e au bout de ce tunnel, au bord de l\u2019Au-del\u00e0. J\u2019ai vu [&hellip;]<\/p>\n","protected":false},"author":1,"featured_media":0,"parent":0,"menu_order":0,"comment_status":"closed","ping_status":"closed","template":"template-featured-img","meta":{"footnotes":""},"class_list":["post-112","page","type-page","status-publish","hentry"],"jetpack_sharing_enabled":true,"_links":{"self":[{"href":"https:\/\/www.association-serenite.fr\/index.php?rest_route=\/wp\/v2\/pages\/112","targetHints":{"allow":["GET"]}}],"collection":[{"href":"https:\/\/www.association-serenite.fr\/index.php?rest_route=\/wp\/v2\/pages"}],"about":[{"href":"https:\/\/www.association-serenite.fr\/index.php?rest_route=\/wp\/v2\/types\/page"}],"author":[{"embeddable":true,"href":"https:\/\/www.association-serenite.fr\/index.php?rest_route=\/wp\/v2\/users\/1"}],"replies":[{"embeddable":true,"href":"https:\/\/www.association-serenite.fr\/index.php?rest_route=%2Fwp%2Fv2%2Fcomments&post=112"}],"version-history":[{"count":3,"href":"https:\/\/www.association-serenite.fr\/index.php?rest_route=\/wp\/v2\/pages\/112\/revisions"}],"predecessor-version":[{"id":138,"href":"https:\/\/www.association-serenite.fr\/index.php?rest_route=\/wp\/v2\/pages\/112\/revisions\/138"}],"wp:attachment":[{"href":"https:\/\/www.association-serenite.fr\/index.php?rest_route=%2Fwp%2Fv2%2Fmedia&parent=112"}],"curies":[{"name":"wp","href":"https:\/\/api.w.org\/{rel}","templated":true}]}}