{"id":86,"date":"2026-03-05T11:22:30","date_gmt":"2026-03-05T10:22:30","guid":{"rendered":"http:\/\/test.association-serenite.fr\/?page_id=86"},"modified":"2026-04-17T18:49:56","modified_gmt":"2026-04-17T16:49:56","slug":"calendrier","status":"publish","type":"page","link":"https:\/\/www.association-serenite.fr\/?page_id=86","title":{"rendered":"Calendrier"},"content":{"rendered":"\n<p class=\"has-text-align-center has-vivid-purple-color has-text-color has-link-color wp-elements-8f3ade75aa8f70adabfafd15545d28b4\"><strong><mark style=\"background-color:rgba(0, 0, 0, 0)\" class=\"has-inline-color has-accent-primary-color\">Tous nos rendez-vous mensuels pour le bonheur de tous et toutes&#8230;<\/mark><\/strong><\/p>\n\n\n\n<p class=\"has-text-align-center has-vivid-purple-color has-text-color has-link-color wp-elements-79a290a72762c762c23183436e4c9ccf\"><strong><mark style=\"background-color:rgba(0, 0, 0, 0)\" class=\"has-inline-color has-accent-primary-color\">Merci pour vos pr\u00e9sences.<\/mark><\/strong><\/p>\n\n\n\n<figure class=\"wp-block-image aligncenter size-full\"><img loading=\"lazy\" decoding=\"async\" width=\"810\" height=\"607\" data-attachment-id=\"87\" data-permalink=\"https:\/\/www.association-serenite.fr\/?attachment_id=87\" data-orig-file=\"https:\/\/www.association-serenite.fr\/wp-content\/uploads\/2026\/03\/2.jpg\" data-orig-size=\"810,607\" data-comments-opened=\"1\" data-image-meta=\"{&quot;aperture&quot;:&quot;0&quot;,&quot;credit&quot;:&quot;&quot;,&quot;camera&quot;:&quot;&quot;,&quot;caption&quot;:&quot;&quot;,&quot;created_timestamp&quot;:&quot;0&quot;,&quot;copyright&quot;:&quot;&quot;,&quot;focal_length&quot;:&quot;0&quot;,&quot;iso&quot;:&quot;0&quot;,&quot;shutter_speed&quot;:&quot;0&quot;,&quot;title&quot;:&quot;&quot;,&quot;orientation&quot;:&quot;0&quot;}\" data-image-title=\"2\" data-image-description=\"\" data-image-caption=\"\" data-medium-file=\"https:\/\/www.association-serenite.fr\/wp-content\/uploads\/2026\/03\/2-300x225.jpg\" data-large-file=\"https:\/\/www.association-serenite.fr\/wp-content\/uploads\/2026\/03\/2.jpg\" src=\"https:\/\/www.association-serenite.fr\/wp-content\/uploads\/2026\/03\/2.jpg\" alt=\"\" class=\"wp-image-87\" srcset=\"https:\/\/www.association-serenite.fr\/wp-content\/uploads\/2026\/03\/2.jpg 810w, https:\/\/www.association-serenite.fr\/wp-content\/uploads\/2026\/03\/2-300x225.jpg 300w, https:\/\/www.association-serenite.fr\/wp-content\/uploads\/2026\/03\/2-768x576.jpg 768w\" sizes=\"auto, (max-width: 810px) 100vw, 810px\" \/><\/figure>\n\n\n\n<p class=\"has-text-align-center\"><strong><mark style=\"background-color:rgba(0, 0, 0, 0)\" class=\"has-inline-color has-accent-primary-color\">Samedi 17&nbsp;janvier&nbsp;2026&nbsp;:<\/mark><br>Conf\u00e9rence&nbsp;<mark style=\"background-color:rgba(0, 0, 0, 0)\" class=\"has-inline-color has-accent-primary-color\">\u00ab\u00a0Comment reconna\u00eetre les signes de nos envol\u00e9s\u00a0\u00bb .<\/mark> Par Chantal M\u00c9GARES.<br>Suivie de contacts m\u00e9diumniques<\/strong><\/p>\n\n\n\n<p class=\"has-text-align-center\"><strong>&nbsp;Questions \/ R\u00e9ponses<\/strong><br><strong><mark style=\"background-color:rgba(0, 0, 0, 0);color:#abb8c3\" class=\"has-inline-color\">Salle des Associations l&rsquo;Oustaou. Mairie du Tignet&nbsp;&nbsp;\u00e0 14h30.<\/mark><\/strong><\/p>\n\n\n\n<p><\/p>\n\n\n\n<div style=\"height:50px\" aria-hidden=\"true\" class=\"wp-block-spacer\"><\/div>\n\n\n\n<p><\/p>\n\n\n\n<p class=\"has-text-align-center\"><strong><mark style=\"background-color:rgba(0, 0, 0, 0)\" class=\"has-inline-color has-accent-primary-color\">Samedi 14 f\u00e9vrier&nbsp;2026&nbsp;:<\/mark><br>Conf\u00e9rence&nbsp;<mark style=\"background-color:rgba(0, 0, 0, 0)\" class=\"has-inline-color has-accent-primary-color\">\u00ab\u00a0Comment communiquer avec vos Anges Gardiens et Guides \u00ab\u00a0<\/mark> <mark style=\"background-color:rgba(0, 0, 0, 0)\" class=\"has-inline-color has-accent-primary-color\">.<\/mark> Par Fran\u00e7oise des Anges.<br>Suivie de contacts m\u00e9diumnique<\/strong>s<\/p>\n\n\n\n<p class=\"has-text-align-center\"><strong>&nbsp;Questions \/ R\u00e9ponses<\/strong><br><strong><mark style=\"background-color:rgba(0, 0, 0, 0);color:#abb8c3\" class=\"has-inline-color\">Salle des Associations l&rsquo;Oustaou. Mairie du Tignet&nbsp;&nbsp;\u00e0 14h30.<\/mark><\/strong><\/p>\n\n\n\n<p><\/p>\n\n\n\n<p><\/p>\n\n\n\n<div style=\"height:50px\" aria-hidden=\"true\" class=\"wp-block-spacer\"><\/div>\n\n\n\n<p class=\"has-text-align-center\"><strong><mark style=\"background-color:rgba(0, 0, 0, 0)\" class=\"has-inline-color has-accent-primary-color\">Samedi 14 mars 2026&nbsp;:<\/mark><br>Conf\u00e9rence&nbsp;<mark style=\"background-color:rgba(0, 0, 0, 0)\" class=\"has-inline-color has-accent-primary-color\">\u00ab\u00a0L&rsquo;anatomie de la paix int\u00e9rieure\u00a0\u00bb<\/mark> <mark style=\"background-color:rgba(0, 0, 0, 0)\" class=\"has-inline-color has-accent-primary-color\">.<\/mark> Par Robin MALMASSON.<br>Suivie de contacts m\u00e9diumniques par SANDRA<\/strong><\/p>\n\n\n\n<p class=\"has-text-align-center\"><strong>&nbsp;Questions \/ R\u00e9ponses<\/strong><br><strong><mark style=\"background-color:rgba(0, 0, 0, 0);color:#abb8c3\" class=\"has-inline-color\">H\u00f4tel Best Western, 1 Rue Martine Carol \u00e0 GRASSE \u00e0&nbsp;14h30.<\/mark><\/strong><\/p>\n\n\n\n<p><\/p>\n\n\n\n<p><\/p>\n\n\n\n<div style=\"height:50px\" aria-hidden=\"true\" class=\"wp-block-spacer\"><\/div>\n\n\n\n<p class=\"has-text-align-center\"><strong><mark style=\"background-color:rgba(0, 0, 0, 0)\" class=\"has-inline-color has-accent-primary-color\">Samedi 11 avril 2026 :<\/mark><\/strong><\/p>\n\n\n\n<p class=\"has-text-align-center\"><strong>Conf\u00e9rence <mark style=\"background-color:rgba(0, 0, 0, 0)\" class=\"has-inline-color has-accent-primary-color\">\u00ab\u00a0Pourquoi r\u00eavons-nous ? \u00ab\u00a0<\/mark><\/strong> <strong><mark style=\"background-color:rgba(0, 0, 0, 0)\" class=\"has-inline-color has-accent-primary-color\">.<\/mark> Par Alexandre QUARANTA <\/strong><\/p>\n\n\n\n<p class=\"has-text-align-center\"><strong>Suivie de contacts m\u00e9diumniques et de Questions \/ R\u00e9ponses par Fabienne M\u00e9dium<\/strong><\/p>\n\n\n\n<p class=\"has-text-align-center\"><strong><mark style=\"background-color:rgba(0, 0, 0, 0);color:#abb8c3\" class=\"has-inline-color\">H\u00f4tel Best Western, 1 rue Martine Carol \u00e0 GRASSE \u00e0 14h30.<\/mark><\/strong><\/p>\n\n\n\n<p class=\"has-text-align-center\"><\/p>\n\n\n\n<p><\/p>\n\n\n\n<div style=\"height:100px\" aria-hidden=\"true\" class=\"wp-block-spacer\"><\/div>\n\n\n\n<p class=\"has-text-align-center\"><strong><mark style=\"background-color:rgba(0, 0, 0, 0)\" class=\"has-inline-color has-accent-primary-color\">Samedi 16 mai 2026 :<\/mark><\/strong><\/p>\n\n\n\n<p class=\"has-text-align-center\"><strong>Conf\u00e9rence <mark style=\"background-color:rgba(0, 0, 0, 0)\" class=\"has-inline-color has-accent-primary-color\">\u00ab\u00a0Exploration des EMI (E<\/mark><\/strong><mark style=\"background-color:rgba(0, 0, 0, 0)\" class=\"has-inline-color has-accent-primary-color\">xp\u00e9rience <\/mark><strong><mark style=\"background-color:rgba(0, 0, 0, 0)\" class=\"has-inline-color has-accent-primary-color\">de M<\/mark><\/strong><mark style=\"background-color:rgba(0, 0, 0, 0)\" class=\"has-inline-color has-accent-primary-color\">ort <\/mark><strong><mark style=\"background-color:rgba(0, 0, 0, 0)\" class=\"has-inline-color has-accent-primary-color\">I<\/mark><\/strong><mark style=\"background-color:rgba(0, 0, 0, 0)\" class=\"has-inline-color has-accent-primary-color\">mminente<\/mark><strong><mark style=\"background-color:rgba(0, 0, 0, 0)\" class=\"has-inline-color has-accent-primary-color\">)\u00a0\u00bb<\/mark><\/strong><\/p>\n\n\n\n<p class=\"has-text-align-center\"><strong><mark style=\"background-color:rgba(0, 0, 0, 0)\" class=\"has-inline-color has-accent-primary-color\">Perceptions subjectives et hypoth\u00e8ses sur les contacts post-mortem\u00a0\u00bb<\/mark><\/strong><\/p>\n\n\n\n<p class=\"has-text-align-center\"><strong> Par Toni di Vietri <\/strong><\/p>\n\n\n\n<p class=\"has-text-align-center\"><strong>Suivie de contacts m\u00e9diumniques  par Daniel Martinez  M\u00e9dium<\/strong><\/p>\n\n\n\n<p class=\"has-text-align-center\"><strong><mark style=\"background-color:rgba(0, 0, 0, 0);color:#abb8c3\" class=\"has-inline-color\">H\u00f4tel Best Western, 1 rue Martine Carol \u00e0 GRASSE \u00e0 14h30.<\/mark><\/strong><\/p>\n\n\n\n<p><\/p>\n\n\n\n<p><\/p>\n\n\n\n<div style=\"height:100px\" aria-hidden=\"true\" class=\"wp-block-spacer\"><\/div>\n\n\n\n<p class=\"has-text-align-center\"><strong><mark style=\"background-color:rgba(0, 0, 0, 0)\" class=\"has-inline-color has-accent-primary-color\">Samedi 13 juin  2026 :<\/mark><\/strong><\/p>\n\n\n\n<p class=\"has-text-align-center\"><strong>Conf\u00e9rence <mark style=\"background-color:rgba(0, 0, 0, 0)\" class=\"has-inline-color has-accent-primary-color\">\u00ab\u00a0La M\u00e9diumnit\u00e9 : don exceptionnel ou sens oubli\u00e9 de l&rsquo;\u00catre humain ?\u00a0\u00bb<\/mark><\/strong><\/p>\n\n\n\n<p class=\"has-text-align-center\"><strong>Par les M\u00e9diums Charline et Fabien.<\/strong><\/p>\n\n\n\n<p class=\"has-text-align-center\"><strong>Suivie de contacts m\u00e9diumniques assur\u00e9s par Charline et Fabien.<\/strong><\/p>\n\n\n\n<p class=\"has-text-align-center\"><strong><mark style=\"background-color:rgba(0, 0, 0, 0);color:#abb8c3\" class=\"has-inline-color\">H\u00f4tel Best Western, 1 rue Martine Carol \u00e0 GRASSE \u00e0 14h30.<\/mark><\/strong><\/p>\n\n\n\n<p><\/p>\n","protected":false},"excerpt":{"rendered":"<p>Tous nos rendez-vous mensuels pour le bonheur de tous et toutes&#8230; Merci pour vos pr\u00e9sences. Samedi 17&nbsp;janvier&nbsp;2026&nbsp;:Conf\u00e9rence&nbsp;\u00ab\u00a0Comment reconna\u00eetre les signes de nos envol\u00e9s\u00a0\u00bb . Par Chantal M\u00c9GARES.Suivie de contacts m\u00e9diumniques &nbsp;Questions \/ R\u00e9ponsesSalle des Associations l&rsquo;Oustaou. Mairie du Tignet&nbsp;&nbsp;\u00e0 14h30. Samedi 14 f\u00e9vrier&nbsp;2026&nbsp;:Conf\u00e9rence&nbsp;\u00ab\u00a0Comment communiquer avec vos Anges Gardiens et Guides \u00ab\u00a0 . Par Fran\u00e7oise des [&hellip;]<\/p>\n","protected":false},"author":1,"featured_media":0,"parent":0,"menu_order":0,"comment_status":"closed","ping_status":"closed","template":"template-featured-img","meta":{"footnotes":""},"class_list":["post-86","page","type-page","status-publish","hentry"],"jetpack_sharing_enabled":true,"_links":{"self":[{"href":"https:\/\/www.association-serenite.fr\/index.php?rest_route=\/wp\/v2\/pages\/86","targetHints":{"allow":["GET"]}}],"collection":[{"href":"https:\/\/www.association-serenite.fr\/index.php?rest_route=\/wp\/v2\/pages"}],"about":[{"href":"https:\/\/www.association-serenite.fr\/index.php?rest_route=\/wp\/v2\/types\/page"}],"author":[{"embeddable":true,"href":"https:\/\/www.association-serenite.fr\/index.php?rest_route=\/wp\/v2\/users\/1"}],"replies":[{"embeddable":true,"href":"https:\/\/www.association-serenite.fr\/index.php?rest_route=%2Fwp%2Fv2%2Fcomments&post=86"}],"version-history":[{"count":21,"href":"https:\/\/www.association-serenite.fr\/index.php?rest_route=\/wp\/v2\/pages\/86\/revisions"}],"predecessor-version":[{"id":211,"href":"https:\/\/www.association-serenite.fr\/index.php?rest_route=\/wp\/v2\/pages\/86\/revisions\/211"}],"wp:attachment":[{"href":"https:\/\/www.association-serenite.fr\/index.php?rest_route=%2Fwp%2Fv2%2Fmedia&parent=86"}],"curies":[{"name":"wp","href":"https:\/\/api.w.org\/{rel}","templated":true}]}}