{"id":93,"date":"2026-03-05T11:40:12","date_gmt":"2026-03-05T10:40:12","guid":{"rendered":"http:\/\/test.association-serenite.fr\/?page_id=93"},"modified":"2026-04-02T19:04:02","modified_gmt":"2026-04-02T17:04:02","slug":"citations","status":"publish","type":"page","link":"https:\/\/www.association-serenite.fr\/?page_id=93","title":{"rendered":"Citations"},"content":{"rendered":"\n<p class=\"has-text-align-center has-luminous-vivid-amber-color has-text-color has-link-color wp-elements-90763b56e2e0a8bd863a2b98bac8870a\"><strong>Quelques citations pour votre \u00e9veil spirituel,<\/strong><\/p>\n\n\n\n<p class=\"has-text-align-center has-luminous-vivid-amber-color has-text-color has-link-color wp-elements-3fbbd584c0955df3afac50f3fddb65c3\"><strong>que ces phrases s&rsquo;impr\u00e9gnent dans vos cellules<\/strong><\/p>\n\n\n\n<p class=\"has-text-align-center has-luminous-vivid-amber-color has-text-color has-link-color wp-elements-c5ba9797d792dfe0332c164ae090e49c\"><strong>&nbsp;pour que votre vie s&rsquo;am\u00e9liore.<\/strong><\/p>\n\n\n\n<p><\/p>\n\n\n\n<figure class=\"wp-block-image aligncenter size-full\"><img loading=\"lazy\" decoding=\"async\" width=\"120\" height=\"120\" data-attachment-id=\"94\" data-permalink=\"https:\/\/www.association-serenite.fr\/?attachment_id=94\" data-orig-file=\"https:\/\/www.association-serenite.fr\/wp-content\/uploads\/2026\/03\/jesus.jpg\" data-orig-size=\"120,120\" data-comments-opened=\"1\" data-image-meta=\"{&quot;aperture&quot;:&quot;0&quot;,&quot;credit&quot;:&quot;&quot;,&quot;camera&quot;:&quot;&quot;,&quot;caption&quot;:&quot;&quot;,&quot;created_timestamp&quot;:&quot;0&quot;,&quot;copyright&quot;:&quot;&quot;,&quot;focal_length&quot;:&quot;0&quot;,&quot;iso&quot;:&quot;0&quot;,&quot;shutter_speed&quot;:&quot;0&quot;,&quot;title&quot;:&quot;&quot;,&quot;orientation&quot;:&quot;0&quot;}\" data-image-title=\"jesus\" data-image-description=\"\" data-image-caption=\"\" data-medium-file=\"https:\/\/www.association-serenite.fr\/wp-content\/uploads\/2026\/03\/jesus.jpg\" data-large-file=\"https:\/\/www.association-serenite.fr\/wp-content\/uploads\/2026\/03\/jesus.jpg\" src=\"https:\/\/www.association-serenite.fr\/wp-content\/uploads\/2026\/03\/jesus.jpg\" alt=\"\" class=\"wp-image-94\" srcset=\"https:\/\/www.association-serenite.fr\/wp-content\/uploads\/2026\/03\/jesus.jpg 120w, https:\/\/www.association-serenite.fr\/wp-content\/uploads\/2026\/03\/jesus-50x50.jpg 50w\" sizes=\"auto, (max-width: 120px) 100vw, 120px\" \/><\/figure>\n\n\n\n<p><\/p>\n\n\n\n<p class=\"has-text-align-center\"><\/p>\n\n\n\n<p class=\"has-text-align-center\"><strong>Ne laisse jamais personne \u00e9teindre cette lueur dans tes yeux et te faire perdre ton sourire&#8230;.<\/strong><\/p>\n\n\n\n<p class=\"has-text-align-center\"><strong>Fais tes choix&#8230;apprends de tes erreurs&#8230;Fais face \u00e0 tes peurs&#8230;Laisse le pass\u00e9 derri\u00e8re&#8230;<\/strong><\/p>\n\n\n\n<p class=\"has-text-align-center\"><strong>Avance sans te retourner&#8230;Dis-toi que le meilleur est \u00e0 venir et si tu penses avoir perdu un petit bout de bonheur&#8230;<\/strong><\/p>\n\n\n\n<p class=\"has-text-align-center\"><strong>Quelqu&rsquo;un t&rsquo;en redonnera un jour&#8230;.<\/strong><\/p>\n\n\n\n<p><\/p>\n\n\n\n<p class=\"has-text-align-center\"><strong>&lt; &gt;<\/strong><\/p>\n\n\n\n<p><\/p>\n\n\n\n<p class=\"has-text-align-center\"><strong>Retiens ceci : on est seul responsable de sa vie. Il ne faut bl\u00e2mer personne pour ses erreurs.<\/strong><\/p>\n\n\n\n<p class=\"has-text-align-center\"><strong>On est soi-m\u00eame l&rsquo;artisan de son bonheur et on en est parfois aussi le principal obstacle.<\/strong><\/p>\n\n\n\n<p class=\"has-text-align-center\"><strong>Prends plaisir \u00e0 tout, n\u2019aie besoin de rien<\/strong><\/p>\n\n\n\n<p class=\"has-text-align-center\"><strong>&nbsp;&nbsp; (Conversation avec Dieu)<\/strong><\/p>\n\n\n\n<p><\/p>\n\n\n\n<p class=\"has-text-align-center\"><strong>&lt; &gt;<\/strong><\/p>\n\n\n\n<p><\/p>\n\n\n\n<p class=\"has-text-align-center\"><strong>Ne regrette jamais d&rsquo;avoir connu une personne dans ta Vie&#8230;.<\/strong><\/p>\n\n\n\n<p class=\"has-text-align-center\"><strong>car les bonnes personnes te donnent du bonheur&#8230;.<\/strong><\/p>\n\n\n\n<p class=\"has-text-align-center\"><strong>Les mauvaises personnes te donnent de l&rsquo;exp\u00e9rience&#8230;.<\/strong><\/p>\n\n\n\n<p class=\"has-text-align-center\"><strong>et les plus m\u00e9chantes personnes te donnent une Le\u00e7on !!<\/strong><\/p>\n\n\n\n<p class=\"has-text-align-center\"><strong>&nbsp;Dans tous les cas&#8230; tu gagnes quelque chose&#8230;<\/strong><\/p>\n\n\n\n<p class=\"has-text-align-center\"><strong>&nbsp;et tu ne peux jamais \u00catre perdant&#8230;<\/strong><\/p>\n\n\n\n<p class=\"has-text-align-center\"><strong>car dans la vie tant que tu apprends TU ES GAGNANT<\/strong><\/p>\n\n\n\n<p><\/p>\n\n\n\n<p class=\"has-text-align-center\"><strong>&lt; &gt;<\/strong><\/p>\n\n\n\n<p><\/p>\n\n\n\n<p class=\"has-text-align-center\"><strong>vous aimez quelqu&rsquo;un pour sa beaut\u00e9, ce n&rsquo;est pas de l&rsquo;amour c&rsquo;est du d\u00e9sir !<\/strong><\/p>\n\n\n\n<p class=\"has-text-align-center\"><strong>&nbsp;Si vous aimez quelqu&rsquo;un pour son intelligence, ce n&rsquo;est pas de l&rsquo;amour c&rsquo;est de l&rsquo;admiration !<\/strong><\/p>\n\n\n\n<p class=\"has-text-align-center\"><strong>&nbsp;Si vous aimez quelqu&rsquo;un parce qu&rsquo;il est riche, ce n&rsquo;est pas de l&rsquo;amour c&rsquo;est de l&rsquo;int\u00e9r\u00eat !<\/strong><\/p>\n\n\n\n<p class=\"has-text-align-center\"><strong>&nbsp;Si vous aimez quelqu&rsquo;un et que vous ne savez pas pourquoi&#8230; \u00e7a c&rsquo;est de l&rsquo;amour&#8230;<\/strong><\/p>\n\n\n\n<p><\/p>\n\n\n\n<p class=\"has-text-align-center\"><strong>&lt; &gt;<\/strong><\/p>\n\n\n\n<p><\/p>\n\n\n\n<p class=\"has-text-align-center\"><strong>Il y a une grande v\u00e9rit\u00e9 en ce monde : qui que tu sois et quoi que tu fasses,<\/strong><\/p>\n\n\n\n<p class=\"has-text-align-center\"><strong>lorsque tu veux vraiment quelque chose,<br>c&rsquo;est que ce d\u00e9sir est n\u00e9 dans l&rsquo;\u00c2me de l&rsquo;univers&#8230;.<br>C&rsquo;est ta mission sur la terre&#8230;d&rsquo;aujourd&rsquo;hui puisque je suis le peintre qui emploie<\/strong><\/p>\n\n\n\n<p class=\"has-text-align-center\"><strong>&nbsp;les couleurs du magnifique tableau intitul\u00e9: ma vie!<br>PAULO&nbsp; COELHO<\/strong><\/p>\n\n\n\n<p><\/p>\n\n\n\n<p class=\"has-text-align-center\"><strong>&lt; &gt;<\/strong><\/p>\n\n\n\n<p><\/p>\n\n\n\n<p class=\"has-text-align-center\"><strong>Aux moments de grande d\u00e9cision, perds la t\u00eate et cherche ton \u00e2me,<\/strong><\/p>\n\n\n\n<p class=\"has-text-align-center\"><strong>car elle comprend ce que l\u2019esprit ne peut concevoir<br>(Conversation avec Dieu)<\/strong><\/p>\n\n\n\n<p><\/p>\n\n\n\n<p class=\"has-text-align-center\"><strong>&lt; &gt;<\/strong><\/p>\n\n\n\n<p><\/p>\n\n\n\n<p class=\"has-text-align-center\"><strong>On a demand\u00e9 au Dala\u00ef-Lama: \u00ab\u00a0Qu&rsquo;est-ce qui vous surprend le plus dans l&rsquo;humanit\u00e9&#8230;?\u00a0\u00bb<br><br>Il a r\u00e9pondu: \u00ab\u00a0Les hommes&#8230; Parce qu&rsquo;ils perdent la sant\u00e9 pour accumuler de l&rsquo;argent,<br>&nbsp;ensuite ils perdent de l&rsquo;argent pour retrouver la sant\u00e9. Et \u00e0 penser anxieusement au futur,<br>ils en oublient le pr\u00e9sent de telle sorte qu&rsquo;ils finissent par non vivre ni le pr\u00e9sent, ni le futur.<br>Ils vivent comme s&rsquo;ils n&rsquo;allaient jamais mourir&#8230; et meurent comme s&rsquo;ils n&rsquo;avaient jamais v\u00e9cu.<\/strong><\/p>\n\n\n\n<p><\/p>\n\n\n\n<p class=\"has-text-align-center\"><strong>&lt; &gt;<\/strong><\/p>\n\n\n\n<p><\/p>\n\n\n\n<p class=\"has-text-align-center\"><strong>Si vous avez l&rsquo;impression que vous \u00eates trop petit pour pouvoir changer quelque chose,<br>essayez donc de dormir avec un moustique\u2026 et vous verrez lequel des deux emp\u00eache l&rsquo;autre de dormir.\u00bb<br>[ Dala\u00ef Lama]<\/strong><\/p>\n\n\n\n<p><\/p>\n\n\n\n<p class=\"has-text-align-center\"><strong>&lt; &gt;<\/strong><\/p>\n","protected":false},"excerpt":{"rendered":"<p>Quelques citations pour votre \u00e9veil spirituel, que ces phrases s&rsquo;impr\u00e9gnent dans vos cellules &nbsp;pour que votre vie s&rsquo;am\u00e9liore. Ne laisse jamais personne \u00e9teindre cette lueur dans tes yeux et te faire perdre ton sourire&#8230;. Fais tes choix&#8230;apprends de tes erreurs&#8230;Fais face \u00e0 tes peurs&#8230;Laisse le pass\u00e9 derri\u00e8re&#8230; Avance sans te retourner&#8230;Dis-toi que le meilleur est [&hellip;]<\/p>\n","protected":false},"author":1,"featured_media":0,"parent":0,"menu_order":0,"comment_status":"closed","ping_status":"closed","template":"template-featured-img","meta":{"footnotes":""},"class_list":["post-93","page","type-page","status-publish","hentry"],"jetpack_sharing_enabled":true,"_links":{"self":[{"href":"https:\/\/www.association-serenite.fr\/index.php?rest_route=\/wp\/v2\/pages\/93","targetHints":{"allow":["GET"]}}],"collection":[{"href":"https:\/\/www.association-serenite.fr\/index.php?rest_route=\/wp\/v2\/pages"}],"about":[{"href":"https:\/\/www.association-serenite.fr\/index.php?rest_route=\/wp\/v2\/types\/page"}],"author":[{"embeddable":true,"href":"https:\/\/www.association-serenite.fr\/index.php?rest_route=\/wp\/v2\/users\/1"}],"replies":[{"embeddable":true,"href":"https:\/\/www.association-serenite.fr\/index.php?rest_route=%2Fwp%2Fv2%2Fcomments&post=93"}],"version-history":[{"count":9,"href":"https:\/\/www.association-serenite.fr\/index.php?rest_route=\/wp\/v2\/pages\/93\/revisions"}],"predecessor-version":[{"id":200,"href":"https:\/\/www.association-serenite.fr\/index.php?rest_route=\/wp\/v2\/pages\/93\/revisions\/200"}],"wp:attachment":[{"href":"https:\/\/www.association-serenite.fr\/index.php?rest_route=%2Fwp%2Fv2%2Fmedia&parent=93"}],"curies":[{"name":"wp","href":"https:\/\/api.w.org\/{rel}","templated":true}]}}